 0 - 8 = 0. Let a(s) be the second derivative of -s**5/10 + s**3/2 + s**2/2 + 17*s. List the prime factors of a(m).
11
Let g = -1 + 2. Let y be (6 - -2*g) + 0. List the prime factors of 5/4*1*y.
2, 5
Let o(z) = 5*z**2 - 3*z - 16. What are the prime factors of o(-6)?
2, 7, 13
Suppose 3*t + 3*z - 49 + 4 = 0, 0 = 5*t - z - 105. List the prime factors of t.
2, 5
Let a be -7*(8/28)/(-1). Suppose a*v = 10 - 0. What are the prime factors of v?
5
List the prime factors of 161 - 1 - (4 + 0).
2, 3, 13
Let c = 8 - 4. Suppose -14 = 2*b - 5*q, b = c*b + 2*q - 17. What are the prime factors of 6/((-9)/b) + 8?
2, 3
Suppose -2*p + 11 = 3*p - 3*i, -i + 3 = 0. Suppose n = 1 + p. List the prime factors of n.
5
Let u(n) = -5*n + 4. Let j(x) = 5*x - 3. Let m(k) = 6*j(k) + 5*u(k). Let w(s) = -s**3 + 9*s**2 - s + 11. Let h be w(9). What are the prime factors of m(h)?
2, 3
Let o(f) = f + 11. Let i(n) = -3*n + 1. Let c be i(3). Let y be o(c). Let r = y - 0. List the prime factors of r.
3
Suppose 3*p - 4*p + 2 = 0. Let i be p/2*(15 - 2). Suppose 4*b - 1 = -3*n - b, 5*n - i = 3*b. List the prime factors of n.
2
Let w(r) = 2*r - 1 + 8 + 3. List the prime factors of w(13).
2, 3
Let b = -16 - -18. Suppose -2*w - 3*w + 3*p + 232 = 0, 52 = w - b*p. List the prime factors of w.
2, 11
Let z(t) = 7*t**2 - t + 3. What are the prime factors of z(4)?
3, 37
Suppose 0 = 3*s - 548 + 38. List the prime factors of s.
2, 5, 17
Let b(v) = v**2 + 6. Let r be b(0). Suppose -9 - r = -5*u. List the prime factors of u.
3
Suppose -1320 = -3*v - 8*v. List the prime factors of v.
2, 3, 5
Suppose 8*o = 3*o + 1360. List the prime factors of o.
2, 17
Let i(f) = 3*f**2 + f**2 - 4*f - 7*f**2 + f**2. Let z(o) = -o**2 - 2*o. Let l(w) = 2*i(w) - 5*z(w). What are the prime factors of l(-3)?
3
Suppose -26 + 8 = -q. Suppose 3*h - h = 3*r - 2, 5*h - q = -4*r. What are the prime factors of r?
2
Let r = -40 + 62. Let o(w) = w**2 + 6*w - 3. Let u be o(-7). Suppose -4*b - t + 33 = 0, 0 = b + u*t - t - r. What are the prime factors of b?
7
Suppose 5*g + 5 = 60. Let z = -2 + 3. Let y = z + g. What are the prime factors of y?
2, 3
Let s be 1/((-18)/(-15) + -1). Let l(c) = -1 + c - 3 + c. List the prime factors of l(s).
2, 3
Let n(a) be the first derivative of 5*a**2/2 - 3*a + 3. List the prime factors of n(3).
2, 3
Suppose 0*h = 5*h - 150. What are the prime factors of h?
2, 3, 5
Let o = 5 + -4. What are the prime factors of o/(2*(-2)/(-28))?
7
Let y(d) = 3 + 8*d**2 - 6*d**3 + 14*d - 3*d - 16 + 5*d**3. What are the prime factors of y(9)?
5
Suppose -2*f = -4*f + 72. Let d = 6 + -4. Suppose d*v - f = -10. What are the prime factors of v?
13
Suppose -38 - 50 = -5*t - 3*s, 3*t - s - 64 = 0. What are the prime factors of (t/(-12) + -1)*-9?
2, 3
Suppose 3*x - 19 = 17. Let g = x - -3. List the prime factors of g.
3, 5
List the prime factors of (-1)/(-3) - 1152/(-27).
43
Let i(y) = 6*y**3 + 3*y**2 + 8*y - 25. What are the prime factors of i(3)?
2, 47
Suppose -w + 5*h = w - 39, w + 2*h = 24. Suppose -2*d - 1 + 7 = 0. Suppose -d*f = -f - w. List the prime factors of f.
11
Let k be ((-48)/15)/(1/5). Let r = k - -28. List the prime factors of r.
2, 3
Let u = 84 + -45. List the prime factors of u.
3, 13
Suppose 3*l + 2*l + 85 = 5*p, 4*l = p - 11. What are the prime factors of p?
19
Suppose 2*w - 4 = -0*w. Suppose -3*k + 36 = 3*t, t - k - w = -0*k. What are the prime factors of t?
7
Let v(q) = -q**2 - 13*q - 10. Suppose 3*o - 2*o = -7. List the prime factors of v(o).
2
Suppose 0 = -4*j - q + 65, 0*j - 3*j - 2*q + 50 = 0. List the prime factors of (j/(-12))/(1/(-9)).
2, 3
Let f be 69*2/(-6)*3. Let m = 117 + f. List the prime factors of m.
2, 3
Let o be (-6)/((6/(-2))/6). Suppose 2*g + x + o = 0, 2*g - 3*g = 3*x + 11. List the prime factors of 2/g - 36/(-15).
2
Let q = -1 + 5. Suppose -m = q*m. What are the prime factors of 8/2 + m/2?
2
Let t(q) = 9*q + 231. What are the prime factors of t(0)?
3, 7, 11
Let x(b) = b + 2. Let y be x(-3). Let l = 0 - y. List the prime factors of 22/2*(l - 0).
11
Let z = 0 - -4. Suppose z*j - 20 = -0*j. Suppose j*d - 42 = 23. List the prime factors of d.
13
Let g(q) = -q + 3*q + 1 - 3*q. Let v(j) = j**3 - 3*j**2 - 3. Let h(m) = -4*g(m) - v(m). What are the prime factors of h(3)?
11
Let g = -24 + 13. Let w(p) = -p - 2. List the prime factors of w(g).
3
Let g = 142 - 115. What are the prime factors of g?
3
Suppose 0 = 24*n - 20*n - 220. What are the prime factors of n?
5, 11
Let l = -17 + 32. Let o = l + 12. What are the prime factors of o?
3
Suppose 0 = 6*r - 2*r - 96. Let v = 15 + -27. Let l = v + r. List the prime factors of l.
2, 3
Suppose 3*k - 6 = -a + 2*a, k - 3*a = 2. Let h be 29 - ((-4)/(-2))/k. Suppose -3*x + h = 2*u, 4*u - 2*x + 40 - 96 = 0. List the prime factors of u.
2, 7
Let b(v) = v**3 - 8*v**2 - 10*v + 13. Let h(m) = -m**2 - 4*m**3 - 2*m - m**2 + 7*m**2 - 1 + 5*m**3. Let u be h(-5). What are the prime factors of b(u)?
2
Let o(f) = -35*f + 4. List the prime factors of o(-2).
2, 37
Let o be (-498)/(-21) - (-8)/28. List the prime factors of (-73)/(-2) + o/(-16).
5, 7
Suppose o = 2*k + 69, -101 = -5*o - k + 200. Let u = -32 + o. Let g = u - 20. What are the prime factors of g?
3
Let m = 18 - -14. List the prime factors of m.
2
Suppose 0 = -0*g - 4*g - 32. Let m(a) be the third derivative of a**4/24 + 5*a**3/3 - a**2. List the prime factors of m(g).
2
Suppose 0 = 4*v + 9 - 33. Suppose -2*k + v*k - 54 = -5*y, 2*y + 4 = 0. What are the prime factors of k?
2
Suppose -2*a - 6 = -3*p, 3*a + 10 = -0*p + 5*p. Let t = 17 + a. What are the prime factors of t?
17
Suppose q = -z + 22, 2*q - 2*z - 56 = -0*q. Let g be -12*2/((-8)/(-6)). Let f = g + q. What are the prime factors of f?
7
Suppose 4*i - f = 914, -4*f = -0*i - 2*i + 450. What are the prime factors of i?
229
What are the prime factors of -1 + (-1)/((-3)/96)?
31
Let v(z) = -z + 7. Let y be v(7). Let d(b) = b**2 + y*b**2 - b**3 + 2 + 2. What are the prime factors of d(0)?
2
Let s(z) be the third derivative of -7*z**4/12 + z**3 - 10*z**2. List the prime factors of s(-3).
2, 3
Suppose 14*i = 15*i - 9. List the prime factors of i.
3
List the prime factors of 1/6 - (-852)/72.
2, 3
Let o(z) = 5*z - 2. Suppose -4*b + 15 = b. What are the prime factors of o(b)?
13
Let z(y) = y + 22. What are the prime factors of z(-10)?
2, 3
Let w = -86 + 297. List the prime factors of w.
211
Suppose -4*w = -2*u - 230, -1 = 2*u + 1. List the prime factors of w.
3, 19
Suppose p - 6 = -4. Suppose -5*j + p*w + 27 = -20, j = w + 10. What are the prime factors of j?
3
Suppose -42 + 7 = -u. Suppose 0 = -3*g - i + 10, u = 4*g - 4*i + i. List the prime factors of g.
5
Suppose -2*g - 12 = 10. Suppose 0 = -5*n - 21 + 1. Let p = n - g. What are the prime factors of p?
7
Let h be (-8)/6*3/(-2). Suppose h*f = -5*r + 7, 5*r - 19 = -4*f - 0*f. List the prime factors of f.
2, 3
Let d be 4/18 - 204/(-54). Suppose s = -d*c + 7, 2*s = -0*c - c. Suppose -3*x + 8 = -c*x. List the prime factors of x.
2
Suppose -q + 4*u = -92, -q = q - 3*u - 164. Let i = 113 - q. List the prime factors of i.
37
Let h = 230 + -121. What are the prime factors of h?
109
Let q be 141/6 + (-1)/2. Suppose q = -0*k + k. List the prime factors of k.
23
Let s(a) = a**2 + 9*a - 12. Let d be s(-10). Let l be (2 + d + 0)/2. Suppose -3*w + 6 + 3 = l. List the prime factors of w.
3
Let w(y) = -2*y**2 + y + 5*y**2 - 4 + 3. List the prime factors of w(-2).
3
Suppose 3*n + 1 = 4*n + i, -n + 13 = -2*i. Suppose -4*k = -3*a - 13, -2*k - 1 + 18 = -n*a. Suppose 2*b - 13 - k = 0. What are the prime factors of b?
7
What are the prime factors of ((-3020)/(-8))/(-5)*-2?
151
Suppose -2*r - l = 3 - 25, 49 = 5*r + l. What are the prime factors of r?
3
Let x = 58 - 49. What are the prime factors of x?
3
Suppose -4*s = -0*s - 8. List the prime factors of s/6 - 195/(-9).
2, 11
Let t(o) = -o**2 - 4*o + 4. Let k be t(-4). Suppose 0 = 4*i + k, g - 7*i = -6*i + 28. List the prime factors of g.
3
Suppose 5 = c - 7. What are the prime factors of c?
2, 3
Let v be 6/9*(-30)/(-4). Suppose 2*f = -0*f - 4, -4*f = v*r - 7. Suppose 2*k + 2 = r*k. List the prime factors of k.
2
Let s be -3 - 0 - (19 - 202). Suppose 5*q + 0*q - s = 0. List the prime factors of q.
2, 3
Let c(b) be the second derivative of -1/6*b**3 - 1/2*b**2 + b + 0. List the prime